 k(q) = q**3 + 2*q**2 + 5*q - 6. Let j be k(3). Calculate the highest common divisor of 864 and j.
54
Suppose -4*z - 24 = -k - 2, 0 = -2*z + 4*k - 4. Let c = 14 - -4. Let j = z + c. What is the greatest common divisor of j and 3?
3
Let z = -2396 - -2498. Calculate the highest common factor of 90 and z.
6
Let j be (-34)/(-4) + 9/(-6). Let v be (-502)/(-8) - 23/(-92). What is the greatest common divisor of v and j?
7
Let j = -112 - -188. What is the highest common divisor of j and 1406?
38
Suppose 4*o = b + 1720, 0 = -4*o + 2*o + 2*b + 866. What is the greatest common divisor of o and 39?
39
Let i be ((-2)/2)/((-2)/74). Let b = -30 + i. Let x(o) = -7*o - 7. Let m be x(-5). Calculate the greatest common divisor of m and b.
7
Let o(t) = 20*t - 319. Let l be o(19). What is the highest common divisor of l and 976?
61
Suppose -11*d = -13*d + 3*y + 977, -2*d + 972 = -4*y. Calculate the greatest common factor of 32 and d.
16
Let z = -1824 + 1868. Let c be 4/6 - 656/(-6). What is the greatest common factor of z and c?
22
Suppose 0 = 2*u - 72 - 66. Suppose 225 = 6*r - r - 4*p, -r + u = 4*p. Calculate the greatest common divisor of r and 343.
49
Let t = 97 - 95. Calculate the greatest common divisor of t and 6.
2
Suppose -6*y = -10*y + 5*m + 28, 16 = 2*y - 3*m. What is the greatest common factor of 9 and y?
1
Suppose -8658 = -30*p - 7*p. What is the greatest common divisor of 54 and p?
18
Suppose 22 = -2*h + 24, -4*h = -4*o + 56. Calculate the highest common factor of 30 and o.
15
Suppose -4*a - 16 = 4*a. Let t be 2 - (-125 - 5) - (-8)/a. What is the highest common factor of 64 and t?
64
Suppose -3 = m - 8. Suppose m*u - 96 = -26. Let w(x) = -x**2 - 16*x + 78. Let l be w(-18). Calculate the highest common factor of u and l.
14
Let m(c) = c**2 - 17*c + 4. Let o be m(17). Suppose 0 = -3*w - o*w + 189. Suppose 4*k = -3*t + 1, k = -k - 4. Calculate the greatest common factor of w and t.
3
Let v(f) = -5*f - 65. Let w be v(-14). Calculate the highest common factor of 3 and w.
1
Let k(j) = -5*j + j**2 - j + 0*j + 10 - 3. Let p be k(5). Suppose 0 = 4*s - 20, 5*n - 3 - 7 = p*s. What is the highest common factor of 28 and n?
4
Let c = -94 + 115. Calculate the highest common factor of c and 77.
7
Let l be (8/3)/(12/18). Suppose 0 = -l*x + 3*g + 215, 2*x + 210 = 6*x - 2*g. What is the greatest common factor of 125 and x?
25
Let b(a) = -87*a - 810. Let g be b(-16). What is the greatest common factor of g and 6?
6
Let y be (-2 - (0 - -36))*18/(-9). What is the greatest common divisor of 4 and y?
4
Let m(o) = -o**2 - 14*o - 15. Let q be m(-13). Let j be 30/1 + q/(-1). Calculate the greatest common factor of 8 and j.
8
Let y(d) = -3*d - 9. Let q be y(-3). Suppose 4*h + 17 - 57 = q. Calculate the highest common factor of h and 70.
10
Let f(p) = 22*p - 47. Let h(g) = g**2 + g + 1. Let y(v) = f(v) - h(v). Let z be y(12). What is the greatest common divisor of 36 and z?
12
Let g be (12/(-14))/((-5)/(-35)). Let u be 18/45 - g/10. Let t be (3 + 0 + u)*15. Calculate the highest common divisor of t and 40.
20
Let i(f) be the second derivative of 3*f**4/2 + f**3/2 - f**2 - 23*f. Let v be i(1). What is the greatest common divisor of 19 and v?
19
Let f = -1639 - -2151. What is the greatest common divisor of 8 and f?
8
Let a(z) = -84*z - 500. Let j be a(-6). What is the highest common divisor of 756 and j?
4
Let w(z) = -5*z + 34*z + 1 + 0 - 4 + 4*z**2. Let s be w(-12). What is the greatest common divisor of 25 and s?
25
Suppose 6*t + 2*x = 5*t + 28, -4*t - 4*x = -100. Suppose -4 = 4*j - 12. Suppose j*c - c = 2. Calculate the highest common divisor of c and t.
2
Suppose 5 = r + 5*c - 2, 5*r + 3*c - 79 = 0. Suppose 19*y - 6 = r*y. Suppose -5 = 2*j - y, -5*g = 5*j - 45. Calculate the greatest common factor of g and 10.
10
Let b(x) = 5*x**2 - 11*x + 25. Let s be b(7). Suppose 6*a + s = 1645. Calculate the greatest common divisor of 22 and a.
22
Suppose -12 = -3*n, -n + 13 = -4*r + 61. Let z(j) = -3*j**3 - 3*j**2 - j - 5. Let y be z(-4). What is the highest common factor of r and y?
13
Let a(x) = x - 2. Let o be a(6). Suppose 3*d = o*d. Let n(i) = i**3 + i + 16. Let m be n(d). Calculate the greatest common factor of m and 160.
16
Suppose 7*s = -0*s + 28. Suppose -2*g - 36 = -6*g + b, s*b = 2*g - 32. Calculate the greatest common divisor of g and 64.
8
Let h = 28 - 25. Let m(s) = -s**2 - 2*s + 3. Let a be m(h). Let y be 1/(-2) + (-42)/a. Calculate the highest common divisor of 9 and y.
3
Suppose -5*u = -4*w - 0*w - 179, 72 = 2*u - 2*w. Calculate the greatest common factor of u and 5.
5
Let f(d) be the first derivative of 1 - 4*d + 3/2*d**2. Let n be f(8). Calculate the greatest common divisor of n and 10.
10
Let m(z) = -z. Let k(y) = -y**2 + 6*y - 5. Let f(d) = -k(d) - 6*m(d). Let b be f(-5). Calculate the highest common factor of 30 and b.
30
Suppose 0 = 7*m + 11 - 4617. What is the greatest common divisor of m and 28?
14
Let r = -4 + 40. Suppose -55*y + 20340 = -1440. What is the highest common divisor of y and r?
36
Suppose -p - q - 1 + 9 = 0, -5*q + 19 = -2*p. Suppose -5*g = -3*m + 160, p*m - 106 = -g + 24. Calculate the greatest common factor of m and 15.
15
Let y be 30/(-5)*(-5)/6. Suppose 2*u = y*q - 636, -132 = -q - 4*u + 2*u. What is the highest common factor of q and 32?
32
Let v(f) = -f**3 + 5*f**2 + 10*f + 13. Let z be v(7). Let r be (z/12)/(-1 - (-3)/4). Calculate the highest common factor of 5 and r.
5
Let i be ((-16)/(-20))/((-9)/15 - -1). Suppose 0 = -i*s - 2*s - 2*q + 110, -140 = -4*s + 4*q. Calculate the greatest common factor of s and 180.
30
Let k be (55/(-10) - -5)*20. Let n(q) = 2*q**3 + 19*q**2 - 12*q - 14. Let v be n(k). What is the greatest common divisor of 2 and v?
2
Let s be (-630)/(-25)*5/1. Calculate the highest common factor of s and 18.
18
Let j be (3*6/(-27))/((-1)/3). Calculate the highest common divisor of j and 1.
1
Let q be (-256)/(-26) - (36/(-78))/3. Suppose -51 = -4*s - 11. Calculate the highest common divisor of s and q.
10
Let r(q) = 3*q**2 - q - 2. Let b be r(-2). Suppose -4*y + 39 + 41 = d, 4*d + y = 245. What is the highest common factor of d and b?
12
Suppose 0 = i - 4*r - 17, 5*i - 10 = -r + 12. Suppose -3*u = 15, -79 = -3*p + i*u - 3*u. Let n = 82 - 36. Calculate the highest common factor of n and p.
23
Suppose i - 2*a = 24, -4*i + 73 = -2*a - 23. Let r(z) = z + 10. Let k be r(-7). Suppose k*d + d - 384 = 0. Calculate the greatest common divisor of i and d.
24
Let n = 2 - 0. Let k be (-2)/(-8)*(101 + -93). What is the greatest common divisor of k and n?
2
Suppose 0 = -3*x - 10 + 106. Calculate the highest common factor of x and 32.
32
Let i be -1 + (-212)/(-7) + (-8)/28. Let p = -26 + i. Let o = -1 + 4. Calculate the highest common divisor of p and o.
3
Let d(r) = -r**3 - 53*r**2 + 53*r - 16. Let k be d(-54). What is the greatest common factor of 114 and k?
38
Let s be ((-396)/(-16))/((-1)/(-92)). Let a be s/209 - (-2)/19. Suppose 2*v - v = 3, 2*v + 225 = 3*y. Calculate the greatest common divisor of a and y.
11
Suppose -2*t + 2*i = -131 - 151, 2*t = -3*i + 262. Let r = 249 - t. What is the greatest common divisor of r and 16?
16
Let t = 49 + -62. Let h = 5 - t. Calculate the highest common factor of h and 9.
9
Let l(s) = -s**3 - s + 17. Let b be 18/81 - (-2)/(-9). Let y be l(b). What is the highest common divisor of 17 and y?
17
Suppose 246 + 40 = 2*h - 3*d, d = -h + 143. Let s(j) = 5 - 2 + j**2 - 2 - j. Let n be s(-3). Calculate the greatest common factor of n and h.
13
Suppose -2*p - 356*u + 40 = -360*u, 1 = u. Let d be ((-9)/4)/((-6)/176). What is the highest common factor of p and d?
22
Let y(v) = 2*v**3 + 2*v**2 + v. Let q be y(-1). Let j(i) = -49*i + 2. Let w be j(q). Calculate the greatest common factor of w and 17.
17
Let y be (-612)/(-5)*(196/12 + -3). Calculate the highest common factor of y and 96.
96
Let b be 5/30 + (-9105)/(-18). What is the highest common divisor of 33 and b?
11
Let k(o) = 478*o - 894. Let x be k(5). Calculate the highest common factor of x and 34.
34
Let u = 29 - 27. Let m(k) = 2*k**3 + 3*k**2 - 4*k + 5. Let p be m(u). Calculate the highest common divisor of 10 and p.
5
Let b(h) = 4*h**2 - 14*h + 13. Let r be b(6). Let q = r - 50. Calculate the greatest common factor of 207 and q.
23
Let c be 4/3*9/(-6).